{"id":671,"date":"2024-02-05T16:20:43","date_gmt":"2024-02-05T15:20:43","guid":{"rendered":"https:\/\/www.deesse23.fr\/TestWPDS\/?page_id=671"},"modified":"2026-02-16T15:15:27","modified_gmt":"2026-02-16T14:15:27","slug":"299-saint-gemme-la-plaine","status":"publish","type":"page","link":"https:\/\/www.deesse23.fr\/index.php\/299-saint-gemme-la-plaine\/","title":{"rendered":"299-Saint Gemme-la-Plaine"},"content":{"rendered":"\n<div style=\"height:100px\" aria-hidden=\"true\" class=\"wp-block-spacer\"><\/div>\n\n\n\n<div class=\"wp-block-essential-blocks-advanced-heading  root-eb-advance-heading-38ets\"><div class=\"eb-parent-wrapper eb-parent-eb-advance-heading-38ets \"><div class=\"eb-advance-heading-wrapper eb-advance-heading-38ets button-1 undefined\" data-id=\"eb-advance-heading-38ets\"><h2 class=\"eb-ah-title\"><span class=\"first-title\">Lyc\u00e9e Lu\u00e7on-P\u00e9tr\u00e9 \u00e0 Saint-Gemme-la-Plaine (85)<\/span><\/h2><\/div><\/div><\/div>\n\n\n<style>.kb-row-layout-id671_d45371-dd > .kt-row-column-wrap{align-content:start;}:where(.kb-row-layout-id671_d45371-dd > .kt-row-column-wrap) > .wp-block-kadence-column{justify-content:start;}.kb-row-layout-id671_d45371-dd > .kt-row-column-wrap{column-gap:var(--global-kb-gap-md, 2rem);row-gap:var(--global-kb-gap-md, 2rem);padding-top:var(--global-kb-spacing-sm, 1.5rem);padding-right:var(--global-kb-spacing-lg, 3rem);padding-bottom:var(--global-kb-spacing-sm, 1.5rem);padding-left:var(--global-kb-spacing-lg, 3rem);grid-template-columns:repeat(2, minmax(0, 1fr));}.kb-row-layout-id671_d45371-dd > .kt-row-layout-overlay{opacity:0.30;}@media all and (max-width: 1024px){.kb-row-layout-id671_d45371-dd > .kt-row-column-wrap{grid-template-columns:repeat(2, minmax(0, 1fr));}}@media all and (max-width: 767px){.kb-row-layout-id671_d45371-dd > .kt-row-column-wrap{padding-right:0px;padding-left:0px;grid-template-columns:minmax(0, 1fr);}}<\/style><div class=\"kb-row-layout-wrap kb-row-layout-id671_d45371-dd alignnone wp-block-kadence-rowlayout\"><div class=\"kt-row-column-wrap kt-has-2-columns kt-row-layout-equal kt-tab-layout-inherit kt-mobile-layout-row kt-row-valign-top\">\n<style>.kadence-column671_e7dc56-b8 > .kt-inside-inner-col,.kadence-column671_e7dc56-b8 > .kt-inside-inner-col:before{border-top-left-radius:0px;border-top-right-radius:0px;border-bottom-right-radius:0px;border-bottom-left-radius:0px;}.kadence-column671_e7dc56-b8 > .kt-inside-inner-col{column-gap:var(--global-kb-gap-sm, 1rem);}.kadence-column671_e7dc56-b8 > .kt-inside-inner-col{flex-direction:column;}.kadence-column671_e7dc56-b8 > .kt-inside-inner-col > .aligncenter{width:100%;}.kadence-column671_e7dc56-b8 > .kt-inside-inner-col:before{opacity:0.3;}.kadence-column671_e7dc56-b8{position:relative;}@media all and (max-width: 1024px){.kadence-column671_e7dc56-b8 > .kt-inside-inner-col{flex-direction:column;justify-content:center;}}@media all and (max-width: 767px){.kadence-column671_e7dc56-b8 > .kt-inside-inner-col{flex-direction:column;justify-content:center;}}<\/style>\n<div class=\"wp-block-kadence-column kadence-column671_e7dc56-b8\"><div class=\"kt-inside-inner-col\">\n<p><strong>Ma\u00eetrise d&rsquo;Ouvrage <\/strong>: R\u00e9gion Pays de la Loire<br><strong>Surface <\/strong>: 4 280 m\u00b2<br><strong>Co\u00fbt des travaux<\/strong> : 8,94M\u20ac HT<br><strong>Statut <\/strong>: Non Laur\u00e9at<br><strong>Ma\u00eetrise d&rsquo;\u0153uvre<\/strong> : D\u00c9ESSE 23 <em>architecte mandataire<\/em>, Fr\u00eanesis <em>architecte associ\u00e9<\/em>, OTEIS Rennes <em>BE structure-fluides<\/em>, ZEPHYR <em>paysagiste<\/em>, ITAC <em>acoustique<\/em><br><strong>Perspective<\/strong> : Spectrum<br><br><strong>D\u00e9marche environnementale<\/strong> : RT2012 ; Strat\u00e9gie Nationale Bas Carbone ; Panneaux photovolta\u00efques ; Mat\u00e9riaux biosourc\u00e9s ; D\u00e9marche E3D<\/p>\n<\/div><\/div>\n\n\n<style>.kadence-column671_2d984b-c9 > .kt-inside-inner-col,.kadence-column671_2d984b-c9 > .kt-inside-inner-col:before{border-top-left-radius:0px;border-top-right-radius:0px;border-bottom-right-radius:0px;border-bottom-left-radius:0px;}.kadence-column671_2d984b-c9 > .kt-inside-inner-col{column-gap:var(--global-kb-gap-sm, 1rem);}.kadence-column671_2d984b-c9 > .kt-inside-inner-col{flex-direction:column;}.kadence-column671_2d984b-c9 > .kt-inside-inner-col > .aligncenter{width:100%;}.kadence-column671_2d984b-c9 > .kt-inside-inner-col:before{opacity:0.3;}.kadence-column671_2d984b-c9{position:relative;}@media all and (max-width: 1024px){.kadence-column671_2d984b-c9 > .kt-inside-inner-col{flex-direction:column;justify-content:center;}}@media all and (max-width: 767px){.kadence-column671_2d984b-c9 > .kt-inside-inner-col{flex-direction:column;justify-content:center;}}<\/style>\n<div class=\"wp-block-kadence-column kadence-column671_2d984b-c9\"><div class=\"kt-inside-inner-col\">\n<p>Ce projet de reconstruction de l\u2019externat du lyc\u00e9e de Lu\u00e7on P\u00e9tr\u00e9 est l&rsquo;occasion de repenser le<br>c\u0153ur de l\u2019\u00e9tablissement, d\u2019offrir aux \u00e9l\u00e8ves et enseignants un \u00e9quipement qualitatif adapt\u00e9 \u00e0 leurs<br>besoins.<br>L\u2019implantation de ce nouvel externat et des am\u00e9nagements paysagers, rel\u00e8vent de plusieurs intentions :<br>&#8211; <strong>g\u00e9n\u00e9rer une nouvelle centralit\u00e9<\/strong>, v\u00e9ritable point de rep\u00e8re demain au sein de l\u2019\u00e9tablissement scolaire ;<br>&#8211; <strong>construire un b\u00e2timent \u00e0 la crois\u00e9e des chemins<\/strong>, qui nous permet de g\u00e9n\u00e9rer un grand parvis d\u2019entr\u00e9e et un vaste jardin int\u00e9rieur, associ\u00e9 \u00e0 des liaisons pi\u00e9tonnes ponctu\u00e9es de placettes ;<br>&#8211; <strong>red\u00e9finir l&rsquo;\u00e9chelle du pi\u00e9ton et de l\u2019usager<\/strong>, pour ce site isol\u00e9 dans un grand territoire ouvert sur la<br>campagne environnante, en faisant le lien entre les diff\u00e9rents b\u00e2timents ;<br>&#8211; <strong>diminuer l\u2019impact sonore et visuel de la route d\u00e9partementale<\/strong> en renfor\u00e7ant les arbres et en pla\u00e7ant la plaine de jeux entre la voie et le nouvel internat qui s\u2019en trouve ainsi \u00e9cart\u00e9 ;<br>&#8211; <strong>implanter le b\u00e2timent<\/strong> pour offrir des espaces int\u00e9rieurs en relation forte avec les am\u00e9nagements<br>ext\u00e9rieurs.<br>Dans le prolongement des ambitions de la R\u00e9gion des Pays de la Loire et de l\u2019\u00e9tablissement, nous avons souhait\u00e9 faire de cette intervention, un<strong> projet exemplaire et vertueux <\/strong>en mati\u00e8re de d\u00e9marche<br>environnementale. Il en ressort un projet <strong>compact et sobre<\/strong>, qui par son \u00e9criture architecturale et par le traitements de ses espaces paysagers environnants, affiche ces ambitions fortes.<\/p>\n<\/div><\/div>\n\n<\/div><\/div>\n\n<style>.wp-block-kadence-advancedgallery.kb-gallery-wrap-id-671_e24e0e-ab{padding-right:var(--global-kb-spacing-lg, 3rem);padding-left:var(--global-kb-spacing-lg, 3rem);}.wp-block-kadence-advancedgallery .kb-gallery-type-masonry.kb-gallery-id-671_e24e0e-ab{margin:-15px;}.kb-gallery-type-masonry.kb-gallery-id-671_e24e0e-ab .kadence-blocks-gallery-item{padding:15px;}.kb-gallery-id-671_e24e0e-ab .kadence-blocks-gallery-item .kb-gal-image-radius, .kb-gallery-id-671_e24e0e-ab .kb-slide-item .kb-gal-image-radius img{border-radius:0px 0px 0px 0px;;}@media all and (max-width: 767px){.wp-block-kadence-advancedgallery.kb-gallery-wrap-id-671_e24e0e-ab{padding-right:0px;padding-left:0px;}}<\/style><div class=\"kb-gallery-wrap-id-671_e24e0e-ab alignnone wp-block-kadence-advancedgallery\"><ul class=\"kb-gallery-ul kb-gallery-non-static kb-gallery-type-masonry kb-masonry-init kb-gallery-id-671_e24e0e-ab kb-gallery-caption-style-bottom-hover kb-gallery-filter-none kb-gallery-magnific-init\" data-image-filter=\"none\" data-item-selector=\".kadence-blocks-gallery-item\" data-lightbox-caption=\"true\" data-columns-xxl=\"2\" data-columns-xl=\"2\" data-columns-md=\"2\" data-columns-sm=\"2\" data-columns-xs=\"1\" data-columns-ss=\"1\"><li class=\"kadence-blocks-gallery-item\"><div class=\"kadence-blocks-gallery-item-inner\"><figure class=\"kb-gallery-figure kb-gallery-item-has-link kadence-blocks-gallery-item-hide-caption\"><a href=\"https:\/\/www.deesse23.fr\/wp-content\/uploads\/2024\/03\/Perspective-01_parvis-FINAL_HD-maj-1.jpg\" data-description=\"Lyc\u00e9e Lu\u00e7on-P\u00e9tr\u00e9 de Sainte-Gemme-la-Plaine (85)\" class=\"kb-gallery-item-link\"   role=\"button\" aria-haspopup=\"dialog\"><div class=\"kb-gal-image-radius\" style=\"max-width:2500px;\"><div class=\"kb-gallery-image-contain kadence-blocks-gallery-intrinsic\" style=\"padding-bottom:51%;\"><img fetchpriority=\"high\" decoding=\"async\" src=\"https:\/\/www.deesse23.fr\/wp-content\/uploads\/2024\/03\/Perspective-01_parvis-FINAL_HD-maj-1.jpg\" width=\"2500\" height=\"1284\" alt=\"\" data-full-image=\"https:\/\/www.deesse23.fr\/wp-content\/uploads\/2024\/03\/Perspective-01_parvis-FINAL_HD-maj-1.jpg\" data-light-image=\"https:\/\/www.deesse23.fr\/wp-content\/uploads\/2024\/03\/Perspective-01_parvis-FINAL_HD-maj-1.jpg\" data-id=\"1130\" class=\"wp-image-1130\" srcset=\"https:\/\/www.deesse23.fr\/wp-content\/uploads\/2024\/03\/Perspective-01_parvis-FINAL_HD-maj-1.jpg 2500w, https:\/\/www.deesse23.fr\/wp-content\/uploads\/2024\/03\/Perspective-01_parvis-FINAL_HD-maj-1-300x154.jpg 300w, https:\/\/www.deesse23.fr\/wp-content\/uploads\/2024\/03\/Perspective-01_parvis-FINAL_HD-maj-1-1024x526.jpg 1024w, https:\/\/www.deesse23.fr\/wp-content\/uploads\/2024\/03\/Perspective-01_parvis-FINAL_HD-maj-1-768x394.jpg 768w, https:\/\/www.deesse23.fr\/wp-content\/uploads\/2024\/03\/Perspective-01_parvis-FINAL_HD-maj-1-1536x789.jpg 1536w, https:\/\/www.deesse23.fr\/wp-content\/uploads\/2024\/03\/Perspective-01_parvis-FINAL_HD-maj-1-2048x1052.jpg 2048w\" sizes=\"(max-width: 2500px) 100vw, 2500px\" \/><\/div><\/div><\/a><\/figure><\/div><\/li><li class=\"kadence-blocks-gallery-item\"><div class=\"kadence-blocks-gallery-item-inner\"><figure class=\"kb-gallery-figure kb-gallery-item-has-link kadence-blocks-gallery-item-hide-caption\"><a href=\"https:\/\/www.deesse23.fr\/wp-content\/uploads\/2024\/03\/Plan-masse-FINAL-maj.jpg\" data-description=\"Lyc\u00e9e Lu\u00e7on-P\u00e9tr\u00e9 de Sainte-Gemme-la-Plaine (85)\" class=\"kb-gallery-item-link\"   role=\"button\" aria-haspopup=\"dialog\"><div class=\"kb-gal-image-radius\" style=\"max-width:2500px;\"><div class=\"kb-gallery-image-contain kadence-blocks-gallery-intrinsic\" style=\"padding-bottom:89%;\"><img decoding=\"async\" src=\"https:\/\/www.deesse23.fr\/wp-content\/uploads\/2024\/03\/Plan-masse-FINAL-maj.jpg\" width=\"2500\" height=\"2243\" alt=\"\" data-full-image=\"https:\/\/www.deesse23.fr\/wp-content\/uploads\/2024\/03\/Plan-masse-FINAL-maj.jpg\" data-light-image=\"https:\/\/www.deesse23.fr\/wp-content\/uploads\/2024\/03\/Plan-masse-FINAL-maj.jpg\" data-id=\"1131\" class=\"wp-image-1131\" srcset=\"https:\/\/www.deesse23.fr\/wp-content\/uploads\/2024\/03\/Plan-masse-FINAL-maj.jpg 2500w, https:\/\/www.deesse23.fr\/wp-content\/uploads\/2024\/03\/Plan-masse-FINAL-maj-300x269.jpg 300w, https:\/\/www.deesse23.fr\/wp-content\/uploads\/2024\/03\/Plan-masse-FINAL-maj-1024x919.jpg 1024w, https:\/\/www.deesse23.fr\/wp-content\/uploads\/2024\/03\/Plan-masse-FINAL-maj-768x689.jpg 768w, https:\/\/www.deesse23.fr\/wp-content\/uploads\/2024\/03\/Plan-masse-FINAL-maj-1536x1378.jpg 1536w, https:\/\/www.deesse23.fr\/wp-content\/uploads\/2024\/03\/Plan-masse-FINAL-maj-2048x1837.jpg 2048w\" sizes=\"(max-width: 2500px) 100vw, 2500px\" \/><\/div><\/div><\/a><\/figure><\/div><\/li><li class=\"kadence-blocks-gallery-item\"><div class=\"kadence-blocks-gallery-item-inner\"><figure class=\"kb-gallery-figure kb-gallery-item-has-link kadence-blocks-gallery-item-hide-caption\"><a href=\"https:\/\/www.deesse23.fr\/wp-content\/uploads\/2024\/02\/Perspective-02_jardin-FINAL_HD-1.jpg\" data-description=\"Lyc\u00e9e Lu\u00e7on-P\u00e9tr\u00e9 de Sainte-Gemme-la-Plaine (85)\" class=\"kb-gallery-item-link\"   role=\"button\" aria-haspopup=\"dialog\"><div class=\"kb-gal-image-radius\" style=\"max-width:2500px;\"><div class=\"kb-gallery-image-contain kadence-blocks-gallery-intrinsic\" style=\"padding-bottom:38%;\"><img decoding=\"async\" src=\"https:\/\/www.deesse23.fr\/wp-content\/uploads\/2024\/02\/Perspective-02_jardin-FINAL_HD-1.jpg\" width=\"2500\" height=\"950\" alt=\"\" data-full-image=\"https:\/\/www.deesse23.fr\/wp-content\/uploads\/2024\/02\/Perspective-02_jardin-FINAL_HD-1.jpg\" data-light-image=\"https:\/\/www.deesse23.fr\/wp-content\/uploads\/2024\/02\/Perspective-02_jardin-FINAL_HD-1.jpg\" data-id=\"749\" class=\"wp-image-749\" srcset=\"https:\/\/www.deesse23.fr\/wp-content\/uploads\/2024\/02\/Perspective-02_jardin-FINAL_HD-1.jpg 2500w, https:\/\/www.deesse23.fr\/wp-content\/uploads\/2024\/02\/Perspective-02_jardin-FINAL_HD-1-300x114.jpg 300w, https:\/\/www.deesse23.fr\/wp-content\/uploads\/2024\/02\/Perspective-02_jardin-FINAL_HD-1-1024x389.jpg 1024w, https:\/\/www.deesse23.fr\/wp-content\/uploads\/2024\/02\/Perspective-02_jardin-FINAL_HD-1-768x292.jpg 768w, https:\/\/www.deesse23.fr\/wp-content\/uploads\/2024\/02\/Perspective-02_jardin-FINAL_HD-1-1536x584.jpg 1536w, https:\/\/www.deesse23.fr\/wp-content\/uploads\/2024\/02\/Perspective-02_jardin-FINAL_HD-1-2048x778.jpg 2048w\" sizes=\"(max-width: 2500px) 100vw, 2500px\" \/><\/div><\/div><\/a><\/figure><\/div><\/li><li class=\"kadence-blocks-gallery-item\"><div class=\"kadence-blocks-gallery-item-inner\"><figure class=\"kb-gallery-figure kb-gallery-item-has-link kadence-blocks-gallery-item-hide-caption\"><a href=\"https:\/\/www.deesse23.fr\/wp-content\/uploads\/2024\/03\/Coupes-facades.jpg\" data-description=\"Lyc\u00e9e Lu\u00e7on-P\u00e9tr\u00e9 de Sainte-Gemme-la-Plaine (85)\" class=\"kb-gallery-item-link\"   role=\"button\" aria-haspopup=\"dialog\"><div class=\"kb-gal-image-radius\" style=\"max-width:2500px;\"><div class=\"kb-gallery-image-contain kadence-blocks-gallery-intrinsic\" style=\"padding-bottom:60%;\"><img loading=\"lazy\" decoding=\"async\" src=\"https:\/\/www.deesse23.fr\/wp-content\/uploads\/2024\/03\/Coupes-facades.jpg\" width=\"2500\" height=\"1500\" alt=\"\" data-full-image=\"https:\/\/www.deesse23.fr\/wp-content\/uploads\/2024\/03\/Coupes-facades.jpg\" data-light-image=\"https:\/\/www.deesse23.fr\/wp-content\/uploads\/2024\/03\/Coupes-facades.jpg\" data-id=\"1127\" class=\"wp-image-1127\" srcset=\"https:\/\/www.deesse23.fr\/wp-content\/uploads\/2024\/03\/Coupes-facades.jpg 2500w, https:\/\/www.deesse23.fr\/wp-content\/uploads\/2024\/03\/Coupes-facades-300x180.jpg 300w, https:\/\/www.deesse23.fr\/wp-content\/uploads\/2024\/03\/Coupes-facades-1024x614.jpg 1024w, https:\/\/www.deesse23.fr\/wp-content\/uploads\/2024\/03\/Coupes-facades-768x461.jpg 768w, https:\/\/www.deesse23.fr\/wp-content\/uploads\/2024\/03\/Coupes-facades-1536x922.jpg 1536w, https:\/\/www.deesse23.fr\/wp-content\/uploads\/2024\/03\/Coupes-facades-2048x1229.jpg 2048w\" sizes=\"(max-width: 2500px) 100vw, 2500px\" \/><\/div><\/div><\/a><\/figure><\/div><\/li><\/ul><\/div>","protected":false},"excerpt":{"rendered":"<p>Ma\u00eetrise d&rsquo;Ouvrage : R\u00e9gion Pays de la LoireSurface : 4 280 m\u00b2Co\u00fbt des travaux : 8,94M\u20ac HTStatut : Non Laur\u00e9atMa\u00eetrise d&rsquo;\u0153uvre : D\u00c9ESSE 23 architecte mandataire, Fr\u00eanesis architecte associ\u00e9, OTEIS Rennes BE structure-fluides, ZEPHYR paysagiste, ITAC acoustiquePerspective : Spectrum D\u00e9marche environnementale : RT2012 ; Strat\u00e9gie Nationale Bas Carbone ; Panneaux photovolta\u00efques ; Mat\u00e9riaux biosourc\u00e9s ;&#8230;<\/p>\n","protected":false},"author":1,"featured_media":0,"parent":0,"menu_order":0,"comment_status":"closed","ping_status":"closed","template":"","meta":{"_eb_attr":"","_kadence_starter_templates_imported_post":false,"_kad_post_transparent":"","_kad_post_title":"","_kad_post_layout":"","_kad_post_sidebar_id":"","_kad_post_content_style":"","_kad_post_vertical_padding":"","_kad_post_feature":"","_kad_post_feature_position":"","_kad_post_header":false,"_kad_post_footer":false,"footnotes":""},"class_list":["post-671","page","type-page","status-publish","hentry"],"_links":{"self":[{"href":"https:\/\/www.deesse23.fr\/index.php\/wp-json\/wp\/v2\/pages\/671","targetHints":{"allow":["GET"]}}],"collection":[{"href":"https:\/\/www.deesse23.fr\/index.php\/wp-json\/wp\/v2\/pages"}],"about":[{"href":"https:\/\/www.deesse23.fr\/index.php\/wp-json\/wp\/v2\/types\/page"}],"author":[{"embeddable":true,"href":"https:\/\/www.deesse23.fr\/index.php\/wp-json\/wp\/v2\/users\/1"}],"replies":[{"embeddable":true,"href":"https:\/\/www.deesse23.fr\/index.php\/wp-json\/wp\/v2\/comments?post=671"}],"version-history":[{"count":15,"href":"https:\/\/www.deesse23.fr\/index.php\/wp-json\/wp\/v2\/pages\/671\/revisions"}],"predecessor-version":[{"id":2676,"href":"https:\/\/www.deesse23.fr\/index.php\/wp-json\/wp\/v2\/pages\/671\/revisions\/2676"}],"wp:attachment":[{"href":"https:\/\/www.deesse23.fr\/index.php\/wp-json\/wp\/v2\/media?parent=671"}],"curies":[{"name":"wp","href":"https:\/\/api.w.org\/{rel}","templated":true}]}}